n base 4?
-2000013322
173557 (base 9) to base 3
12110121221
What is -b2a5d (base 14) in base 13?
-120a02
What is -133023132222 (base 4) in base 11?
-4682949
What is 24641 (base 15) in base 2?
11100010111000001
-1653402 (base 10) to base 6
-55234350
Convert 201023021 (base 4) to base 2.
100001001011001001
656107 (base 9) to base 12
16a721
Convert 100111111110010110110111 (base 2) to base 14.
156ac63
Convert -1011120212001 (base 3) to base 6.
-21154214
Convert -35212455 (base 7) to base 13.
-845154
428288 (base 10) to base 3
210202111112
Convert -10100210021 (base 3) to base 16.
-10288
What is 2dc24 (base 16) in base 10?
187428
Convert 96907c (base 13) to base 11.
1aa3339
What is bb1aa (base 13) in base 11?
211481
-281438 (base 9) to base 7
-1313336
Convert 782764 (base 12) to base 5.
442143002
Convert -200627 (base 8) to base 15.
-14813
Convert -101001110110100101010111 (base 2) to base 12.
-381129b
-168a79 (base 12) to base 7
-3205650
-1720083 (base 10) to base 4
-12203330103
Convert 2044102301 (base 5) to base 16.
41611d
Convert 368650 (base 15) to base 7.
31121130
-4f55 (base 16) to base 8
-47525
Convert 46848 (base 9) to base 2.
111101001001110
369c5 (base 15) to base 11
109a87
Convert -2569b6 (base 13) to base 5.
-212301433
-417647 (base 9) to base 16
-3ca45
Convert -11561240 (base 7) to base 9.
-1854668
What is -17454 (base 16) in base 10?
-95316
What is 12e2c22 (base 15) in base 9?
27570505
What is -11341020 (base 7) in base 13?
-290b62
55070 (base 12) to base 6
2224220
What is -3560611 (base 9) in base 3?
-10122000200101
Convert -3004304 (base 6) to base 3.
-21011100011
Convert -1c4dbd (base 15) to base 3.
-2121021202221
21043342 (base 6) to base 11
3891a3
1011001011110010011101 (base 2) to base 16
2cbc9d
What is 307402 (base 10) in base 4?
1023003022
-94933 (base 14) to base 7
-3022163
101101101011000101011 (base 2) to base 3
2211000222100
Convert 10010000101010011101000 (base 2) to base 13.
c9c838
20a947 (base 13) to base 14
15d2c0
-11909a (base 12) to base 9
-474241
What is 424332 (base 8) in base 12?
69aa2
1094b1c (base 13) to base 10
5094530
Convert 4298874 (base 12) to base 16.
c0ebd8
Convert -146033 (base 11) to base 12.
-ab899
-a4310 (base 13) to base 15
-5c5b3
What is 2222717 (base 8) in base 12?
24ab27
-111bb9 (base 14) to base 16
-8deb7
What is 23245501 (base 6) in base 3?
1100200011201
What is -289b59 (base 12) in base 5?
-133241012
Convert 1000101110111100100 (base 2) to base 3.
112112120021
Convert -22000211201 (base 3) to base 14.
-41873
Convert -103342340 (base 5) to base 2.
-1101101110010111000
Convert -4529898 (base 11) to base 5.
-4012340320
-57c1c (base 15) to base 11
-180a80
Convert -20706 (base 16) to base 8.
-403406
Convert 3143318 (base 10) to base 12.
1077072
What is 1031406 (base 14) in base 3?
112101120112001
What is 543d1 (base 15) in base 10?
267496
Convert -46641410 (base 7) to base 8.
-17535322
-588516 (base 9) to base 11
-221a55
What is -1660525 (base 7) in base 12?
-b2b21
631647 (base 11) to base 8
3671161
Convert 2d4555 (base 14) to base 5.
401241322
What is 1290049 (base 10) in base 6?
43352241
Convert 1aa629 (base 13) to base 12.
289582
Convert -11a490 (base 13) to base 4.
-1213023121
-2201000222221 (base 3) to base 7
-15135133
1123252 (base 6) to base 7
330305
Convert 3accd1 (base 16) to base 8.
16546321
116414 (base 9) to base 7
412006
Convert -aa93 (base 11) to base 16.
-391e
-1aa08 (base 16) to base 7
-632654
Convert 1000101001100110000111 (base 2) to base 3.
11021012110111
What is -2a158 (base 13) in base 3?
-11000211022
What is cc4d37 (base 14) in base 8?
32334105
-1001111000011010001 (base 2) to base 16
-4f0d1
What is 1578c8 (base 14) in base 10?
750856
What is -111010330 (base 4) in base 11?
-59954
What is -30133444 (base 6) in base 11?
-532381
What is -5859 (base 14) in base 5?
-442432
268551 (base 16) to base 11
1474768
What is -420133 (base 7) in base 15?
-1656d
What is 110635061 (base 7) in base 12?
22b02ab
What is -6ac4e4 (base 15) in base 2?
-10011011110000111110010
What is 1020202221012 (base 3) in base 9?
1222835
Convert 1432232330 (base 5) to base 6.
213120551
Convert -164a12 (base 12) to base 16.
-5d2ae
1350345 (base 6) to base 10
76601
Convert -10111110002200 (base 3) to base 12.
-7579a6
-fb74ae (base 16) to base 3
-1011000020111101
Convert -1b638 (base 13) to base 7.
-312551
Convert 1011100100011100111001 (base 2) to base 6.
145001053
-4921eb (base 16) to base 8
-22220753
Convert 111211022110 (base 3) to base 13.
96b43
Convert 532774 (base 9) to base 16.
4d65c
23101000021 (base 4) to base 10
2953225
Convert -10ecb6 (base 15) to base 10.
-809496
What is 11338392 (base 10) in base 5?
10400312032
Convert 110120012002011 (base 3) to base 13.
14c9a4c
33a635 (base 12) to base 10
826889
Convert -1300565 (base 11) to base 8.
-10465036
Convert 141425 (base 12) to base 2.
1010001100100011101
Convert 381272 (base 9) to base 13.
80c5a
1401025322 (base 6) to base 9
34626175
158b87 (base 13) to base 7
4351546
What is -23b0320 (base 12) in base 11?
-3a1543a
Convert -661374 (base 8) to base 5.
-24100243
What is a4d5 (base 15) in base 5?
2103400
Convert 13103021 (base 5) to base 10.
128511
-c0c9c (base 15) to base 6
-21025403
What is -15353441 (base 8) in base 10?
-3528481
What is b0616 (base 12) in base 3?
102122002200
Convert 111300201 (base 4) to base 6.
1524333
What is -13b2dc (base 14) in base 13?
-1ac353
What is -10043222 (base 5) in base 4?
-103302212
What is -2323144 (base 8) in base 9?
-1163458
What is -539473b (base 12) in base 16?
-f22c1f
-20011102201002 (base 3) to base 9
-6142632
What is 72312 (base 9) in base 7?
255614
10100323201 (base 5) to base 10
10167301
56378 (base 11) to base 6
1425543
Convert 2867910 (base 10) to base 2.
1010111100001011000110
What is -204230 (base 10) in base 12?
-9a232
-536 (base 12) to base 14
-3c6
What is -1483644 (base 9) in base 8?
-3107066
Convert -13002125 (base 7) to base 6.
-41122112
Convert -17161554 (base 8) to base 4.
-33032031230
1829116 (base 12) to base 14
9506b0
What is 959045 (base 12) in base 4?
20333313311
Convert 387851 (base 12) to base 15.
13442d
1c39c9 (base 14) to base 2
11110110010101011101
What is -11022111002 (base 3) in base 13?
-2c861
Convert 744031 (base 8) to base 9.
416860
101121300311 (base 4) to base 11
2636529
-364150 (base 11) to base 12
-239757
Convert 43341104 (base 5) to base 15.
750a4
-134405 (base 6) to base 3
-122101112
Convert 6528a4 (base 12) to base 11.
9a4182
202012020 (base 5) to base 10
813385
1b10751 (base 12) to base 7
66555046
Convert -11010010100000000010 (base 2) to base 5.
-210042320
-b136 (base 14) to base 5
-1433203
What is 22a367 (base 11) in base 16?
5924a
What is 301231011 (base 4) in base 2?
110001101101000101
-152472 (base 8) to base 9
-82781
10001000110100000 (base 2) to base 9
116071
What is 121222 (base 8) in base 4?
22022102
298b (base 13) to base 6
43530
What is -1011100110101001011 (base 2) in base 16?
-5cd4b
What is -393026 (base 10) in base 3?
-201222010112
10100111000010001 (base 2) to base 14
23249
What is -110111000111100001 (base 2) in base 15?
-46d5b
Convert -86494 (base 10) to base 9.
-141574
-4641600 (base 7) to base 4
-2032000233
What is -60674 (base 8) in base 2?
-110000110111100
Convert 65089 (base 12) to base 16.
20829
Convert 1c799c (base 15) to base 8.
5240040
375868 (base 15) to base 6
132454225
What is -201120133 (base 4) in base 16?
-2161f
-21122422 (base 5) to base 7
-1333622
What is 19b52 (base 12) in base 6?
451342
Convert -8c9911 (base 13) to base 15.
-45ce74
1786a8 (base 12) to base 11
25a157
Convert -100013132 (base 4) to base 5.
-4103024
What is 28838 (base 12) in base 7?
323462
What is 366551 (base 7) in base 11?
46510
Convert 1327835 (base 9) to base 3.
1100221221012
-1020022221100 (base 3) to base 6
-22021143
What is 100222203101 (base 4) in base 12?
1568155
Convert 714464 (base 10) to base 14.
148532
What is 2101004 (base 7) in base 14?
68004
Convert 20111210122211 (base 3) to base 14.
661095
1006435 (base 7) to base 15
25804
-da3f (base 16) to base 7
-321614
-ca6c1 (base 15) to base 10
-642781
Convert -5462133 (base 7) to base 13.
-1a6337
-35c87 (base 13) to base 7
-561032
-e18334 (base 15) to base 4
-220312221133
Convert 3510110 (base 7) to base 3.
211022210